x(-13).
0
Suppose -2*v + 4*z + 144 = 0, 4*v + 0*z = 5*z + 288. Let m = -65995 - -66011. Calculate the remainder when v is divided by m.
8
Suppose -3*s + 1 = -3*j - 14, 4*s - 2*j - 16 = 0. Let b(p) = p**2 + 7*p + 3. Let v be b(-5). Let i = v - -12. What is the remainder when i is divided by s?
2
Let j(n) = 9*n**2 + 32*n - 7. What is the remainder when j(-6) is divided by 99?
26
Suppose -c - 2*m + 1519 = 2*m, -24*c - 5*m = -37184. Calculate the remainder when c is divided by 43.
3
Let s be (-6)/4*(-17 - 33). Suppose 0*b - s = -3*b. What is the remainder when b is divided by (-66)/(-10) - (-50)/125?
4
Calculate the remainder when ((-3)/(36/(-6212)))/(48/432) is divided by 74.
71
Suppose 4*b - 16 = 0, 5*w + b + 3 = 7. Suppose w*g = 21*g - 3171. Calculate the remainder when g is divided by 38.
37
Let o(x) = 2*x + 2 + x - 2*x. Let i = -224 - -226. What is the remainder when 14 is divided by o(i)?
2
Suppose 0 = 5*f - 2*c + c + 39, 5*c + 45 = -5*f. Calculate the remainder when 213 is divided by (116 + f)*(-2)/(-4).
51
Let d(t) = -147*t - 2779. Calculate the remainder when 2336 is divided by d(-19).
12
What is the remainder when (589/(-76))/(1/(-156)) is divided by 7?
5
Suppose -194 = -3*c - 4*n, 58 = c + 15*n - 12*n. Calculate the remainder when 102 is divided by c.
32
Suppose 1608 = 38*j - 447 - 1555. Calculate the remainder when 3793 is divided by j.
88
Let j = -26 + 26. Suppose j*x - 3*h + 888 = 4*x, 0 = -5*h. Calculate the remainder when x is divided by 45.
42
Let x(r) = 16*r + 296. Let j be x(-17). Let w = 47 - j. What is the remainder when w is divided by 8?
7
Suppose 2*p + 2*p - 124 = 0. Let z(a) = 2*a + 133. What is the remainder when z(-6) is divided by p?
28
Let q(v) = v**2 + 2*v + 7. Let b be (0/(4/(-1)))/1. Let p be q(b). What is the remainder when 67/p + (-8)/14 is divided by 7?
2
Let f be 1023 - (8/6)/(8/(-12)). Let d(s) = 1025 - f - 106*s. What is the remainder when d(-1) is divided by 54?
52
Let w(u) = -u**2 - 6*u + 3. Let a be w(-8). Let c(y) = y**2 + 7*y - 49. Calculate the remainder when 104 is divided by c(a).
17
Suppose v = 3*w + 30, 2*v - 38 = 2*w - 14. Let a = w + 16. Let g(z) = -19*z**2 - 62*z - 1. What is the remainder when g(-3) is divided by a?
0
Let u(o) = 541*o - 4837. Let f(m) = -m**3 - 8*m**2 - 3*m - 7. Calculate the remainder when u(9) is divided by f(-8).
15
Let j(k) = 11*k**3 - 63*k**2 + 12*k - 121. Calculate the remainder when 4179 is divided by j(6).
49
Let p = 9104 + -5939. Calculate the remainder when (-35)/20 - p/(-12) is divided by 24.
22
Suppose 4*t = -20, -4*q + 217 = t - 166. What is the remainder when 464 is divided by q?
76
Suppose 4*o = -826 + 1290. Suppose p + 4 - 7 = -t, 4*t = p - 3. Suppose 3*g + 57 - 149 = n, t = 2*n + 4. What is the remainder when o is divided by g?
26
Suppose t - 6 = -4, 3*y + 5*t - 67 = 0. Suppose -y = 5*o - 64. Calculate the remainder when 42 is divided by o.
6
Let u(v) = 131*v - 69*v - 67*v + 143 - 34. Calculate the remainder when 167 is divided by u(15).
31
Let t be ((-30)/(-20))/(-1*(-1)/(-2)). Let a(c) = 2*c**2 - 7*c - 4. What is the remainder when a(t) is divided by 18?
17
Let c(o) = 37*o + 28. Suppose 2*n = 5*n + 18. Let s(k) = -4*k - 19. Let j be s(n). What is the remainder when c(j) is divided by 18?
15
Suppose -87 = -2*c + 85. Let f(j) = j + 43. Let x be f(6). Suppose -4*u = -5*u + a + 11, a - x = -3*u. Calculate the remainder when c is divided by u.
11
Let c be ((-2)/18)/(33/(-297)). Calculate the remainder when 1/(c/386) - (-21 + 19) is divided by 78.
76
Suppose -5*a - 2*k + 3*k + 307 = 0, 2*a - 132 = 5*k. Suppose -9715 = -15*v - 9460. Calculate the remainder when a is divided by v.
10
Suppose 4*w - 2*t = 2*t + 36, -2*w = -t - 23. Let n = 24 + 28. Calculate the remainder when n is divided by (4 - 2)*w + -1.
25
Let s(t) = -t**3 - 9*t**2 + 3*t - 24. Suppose 0 = -11*i - 43 - 67. What is the remainder when 180 is divided by s(i)?
42
Let q(g) = -g**3 + 1. Suppose 8*o = 843 - 131. Suppose 7*s = 264 - o. What is the remainder when s is divided by q(-2)?
7
Let t(q) = 12*q - 75. Let p be t(19). Suppose 5*a + 309 = 4*l, 0*l - a = -2*l + p. Calculate the remainder when l is divided by 14.
6
Suppose -6402*g + 6412*g - 1370 = 0. What is the remainder when 11644 is divided by g?
136
Suppose 4 + 26 = 3*n. Suppose -21*d + 4*d = -1224. Suppose -n*b = -8*b - d. What is the remainder when b is divided by 13?
10
Let n be 3 - -1 - (3 + (-36)/9). What is the remainder when 139 is divided by (-212)/(-6) + n/(90/12)?
31
Let c = 38 - 44. Calculate the remainder when 93 is divided by (-3)/(c/8) + 10.
9
Let a(y) = 8*y**2 + 2*y + 10. What is the remainder when a(-21) is divided by 6?
4
Suppose -138*b + 133*b + 2*v + 1975 = 0, 4*v - 1552 = -4*b. Calculate the remainder when b is divided by 97.
5
Let y(b) = -388*b - 301. Calculate the remainder when 3770 is divided by y(-4).
17
What is the remainder when 365 is divided by 1066/10 - -18*9/(-270)?
47
Let k(b) be the first derivative of b**4/4 + 4*b**3/3 + b**2 - 9*b + 79. What is the remainder when 31 is divided by k(2)?
12
Suppose -3*v = -7*v + 20. Suppose -3*x + 63 = -3*p, 3*x + 5*p = v*x - 42. Let z = x - -7. What is the remainder when 111 is divided by z?
27
Let q = 233 - 53. Calculate the remainder when 3415 is divided by q.
175
Let h(l) be the first derivative of -11/3*l**3 - 2*l - 1/2*l**2 + 8 - 1/4*l**4. What is the remainder when 21 is divided by h(-11)?
3
Suppose 18*o + 481 = 55*o. Suppose -872 = -5*p - 2*a, -5*a = -o*p + 16*p - 508. What is the remainder when p is divided by 54?
14
Suppose -4*g = -6*g. Suppose -12*y + 197 + 79 = g. Calculate the remainder when 227 is divided by y.
20
Let t(h) = 35*h + 396. What is the remainder when 3319 is divided by t(-9)?
79
Let r = -537 - -544. Calculate the remainder when r/(-21)*6 - (-551 + 1) is divided by 10.
8
Let w = -1343 + 1439. Calculate the remainder when 1045 is divided by w.
85
Let j(i) = -10*i**2 + 634*i - 235. Suppose 2*z - 211 = -49. Calculate the remainder when 1 + z - (-4 + 3) is divided by j(63).
15
Let h(q) = 5*q**2 + 59*q + 167. What is the remainder when h(-3) is divided by 0/(-6 - -9) + 2*17?
1
Suppose -4*x - 3038 = -3*c, 14*c - 9*c + x - 5094 = 0. Calculate the remainder when c is divided by 51.
49
Suppose -5364 = -53*f + 44*f. Let g = 632 - f. Calculate the remainder when 177 is divided by g.
33
Suppose 0*d - 5*d - 15 = 0, 3*d = 2*o - 179. Let b be (-1*1/(-3))/(11/3036). Suppose -89*g + b*g - 57 = 0. Calculate the remainder when o is divided by g.
9
Suppose 115 = 4*h - 3*i, -h - 2*h + i + 80 = 0. Let v = -7356 + 7405. Calculate the remainder when v is divided by h.
24
Suppose -91*p - 13396 = -108*p. Let b = 845 - p. What is the remainder when 569 is divided by b?
56
Let a = -19 + 30. Suppose -v = 3*k - a, 23 = 5*k - 3*v - 0*v. Suppose k*s - 95 = 1. What is the remainder when s is divided by 13?
11
Let q be 2 - (-6*(-11)/(-2) - 2). Suppose 3*i = -c + q, 4 = 4*i - 3*i + 2*c. What is the remainder when i is divided by 8?
6
Let r(y) = -y**2 - 32*y + 1644. What is the remainder when 102 is divided by r(-59)?
0
Suppose 4*q - 9*i + 14*i = 28007, -13999 = -2*q - i. Calculate the remainder when q is divided by 70.
68
Let l(x) be the second derivative of -x**4/6 + x**3/2 + x**2 - 7*x. Let r be l(5). Let t = 42 + r. Calculate the remainder when 35 is divided by t.
8
Let a(q) = -q**3 + 6*q**2 + 8*q - 2. Let x be a(7). Calculate the remainder when 582/10 + x/(-25) is divided by -5 + 8 + 0 + 1.
2
Suppose -26*v + 54 = -8*v. Calculate the remainder when 77 + -2 + 2 - (v - 0) is divided by 24.
2
Let p = -1925 + 1962. Calculate the remainder when 133 is divided by p.
22
Let j(u) = u**2 + 129*u + 1348. Calculate the remainder when 284 is divided by j(-11).
34
Suppose -4*v - v - 295 = -5*f, v + 311 = 5*f. Let k = -38 + f. Suppose -5*h = -0*m - m + 224, -5*h + k = 0. What is the remainder when m is divided by 25?
24
Suppose -5*h + 16 = -2*o, 260 = 3*o + 2*h + 208. Calculate the remainder when 1632 is divided by o.
0
Let b(y) = 3*y**3 + 22*y**2 - 18*y + 5. What is the remainder when 1280 is divided by b(-8)?
20
Suppose -104*y = -36*y - 272. Let l be 2 - (-2 + 4 - -1). Calculate the remainder when 32 is divided by (l + -3)/((-16)/y)*11.
10
Let s(g) = -g**3 - 9*g**2 - 10*g + 13. Let i be -1*4 - 2*-1